luate 7 + (-1 - 7) + 2.
1
Calculate -2 + 4 + (13 - 19).
-4
Evaluate -10 + 17 - (3 - -10).
-6
(-7 - -26 - 11) + -4
4
What is the value of 1 + -1 - (33 + -34)?
1
Evaluate (-1 + (4 - 0) - 7) + 2.
-2
Evaluate 4 - 1 - 1 - 4.
-2
What is the value of (-10 - -7) + 0 + 0?
-3
What is the value of 0 - (-9 - -6) - (1 - -6)?
-4
Calculate 5 - 1 - (0 - -9).
-5
What is 12 + -5 - 7 - (-2 - 0)?
2
What is (-1 + 0 - 2) + 5 + 1?
3
-16 - -11 - (-1 + 1) - 0
-5
What is -2 + (5 - (-2 - -7))?
-2
What is the value of (8 - 7 - (-3 - -2)) + -8?
-6
What is the value of 3 + 1 - (9 - 3)?
-2
Evaluate (7 - (4 + -10)) + -7.
6
-5 - 0 - -2 - -2 - 2
-3
Evaluate (24 - 9) + -5 - 10.
0
What is (-9 - (-4 + -2)) + 0?
-3
-4 - (9 - (2 - (0 - 5)))
-6
What is -6 - -1 - (-2 + -1)?
-2
What is the value of 0 - (6 + 0 + -3)?
-3
Evaluate 1 + -2 + 1 - 0.
0
Evaluate 7 + 7 + -7 + -7.
0
What is the value of 8 + -6 + (4 - 2 - 6)?
-2
-1 - (1 + -1) - (-10 - -14)
-5
What is 2 + 4 + -4 + 0 + -3?
-1
Calculate 10 + -15 - 6 - -3.
-8
Evaluate 10 + -2 - (10 + -5).
3
Evaluate 5 + -6 + 1 - (7 + -3).
-4
(-1 - (-1 + (-1 - 2))) + -2
1
Calculate -4 + (-2 - (-10 + 1)).
3
2 + -1 - (10 + -3 - 3)
-3
Evaluate (-7 - (1 + -5 + 1)) + 9.
5
Calculate (-2 - 0) + 1 - (12 + -9).
-4
Calculate 10 + -2 + (-14 - -3).
-3
What is the value of (10 - 5) + 11 + -9?
7
What is -1 + -4 + 0 + 1?
-4
-2 + (-2 - (-4 + (-1 - -10)))
-9
(-2 - 5) + (2 - -1) + 1
-3
Calculate -7 - (-4 - (1 + -3)).
-5
What is -2 - 0 - (-1 + 1 - 0)?
-2
Evaluate (57 - 57) + (1 - (-1 - -6)).
-4
What is the value of (-2 - (1 + 2)) + (54 - 54)?
-5
What is 5 + (-42 + 48 - (-1 - -7))?
5
-1 + -2 + (-7 - -6)
-4
Evaluate 2 - (2 + 3 - 8).
5
What is the value of 1 + 5 + 1 + -2?
5
Evaluate (-1 - (-3 + 2)) + 2.
2
Evaluate 5 - (4 - 9 - -10).
0
What is (-1 - (-1 - -4)) + (3 - 0)?
-1
What is the value of -16 + 17 + (4 - 12)?
-7
Evaluate -6 - -2 - -1 - 2.
-5
What is -1 + 6 + -4 + 4?
5
What is -6 + -4 - -11 - 3?
-2
Evaluate 3 + 1 + (-4 - 3) + 0.
-3
What is 6 + (3 - 6 - -1)?
4
Evaluate ((-3 - 4) + 3 - -12) + -12.
-4
What is (-1 - 1) + (-12 - -9) + 6?
1
Calculate 0 + -3 - (-2 + (3 - 3)).
-1
What is the value of -1 - (8 + -6) - (-4 - 2)?
3
What is 3 + 4 - 3 - 1?
3
Evaluate 18 - 0 - (-23 + 32).
9
Evaluate (-1 + -4 - -1) + 5.
1
Calculate 1 - (1 - 1 - 1).
2
11 + (-8 - 2) + 7
8
What is (-3 - 0) + (0 - (-7 + 2))?
2
What is the value of -18 - -12 - (0 + -3)?
-3
Calculate 4 + -5 + -2 - (-1 + 2).
-4
What is the value of 5 - (5 - 2) - -2?
4
-3 + -5 + (-7 - -11)
-4
9 + (-5 - (0 - -3))
1
Evaluate 10 - (-8 + (-5 - -22)).
1
What is 8 - (-11 + 6) - 7?
6
What is (-2 - 1) + (4 - 1) + -2?
-2
What is -1 - -6 - (-7 + 0 - -13)?
-1
Calculate 2 + (1 - -1) + -6.
-2
What is 2 - (-3 - -7) - 3?
-5
Calculate 1 - (-5 + (7 - 5)).
4
What is the value of 3 + -3 + (6 - (-7 + 4))?
9
Evaluate -9 - 1 - (-13 - -10).
-7
What is the value of 5 + -4 + 10 + -14?
-3
Evaluate (2 + -2 - -2) + 1.
3
What is the value of -5 + (5 - (7 + -10))?
3
Calculate (0 - 0) + (21 - 17).
4
-5 + 2 + 1 + 21 + -23
-4
Calculate (-4 - -3 - 4 - -7) + -9.
-7
Evaluate 9 + -1 + -7 - 1.
0
What is the value of -3 + (-7 - -4) - -1?
-5
7 - (-2 + (-2 - (-10 - -2)))
3
What is 0 + 5 + -16 + 5 + 6?
0
What is the value of 37 - 8 - 16 - (0 - -6)?
7
What is the value of -1 + (-1 - -2) + -1 - 0?
-1
Calculate 0 + 3 + -2 - (-2 - 2).
5
What is 4 + -6 + (-3 - -6)?
1
What is the value of -1 - ((0 - (-5 + 3)) + 1)?
-4
Calculate (15 - 0) + -7 + 0 + 3.
11
Evaluate -5 + (5 - 0) + (5 - 5).
0
-5 + 0 + -2 + 4
-3
What is the value of 8 - (-6 + 7 - 11 - -8)?
10
What is 1 + (-7 - (9 - 10))?
-5
-3 - -5 - (-1 - 2)
5
What is the value of -1 - -1 - (-15 + -2 + 15)?
2
What is the value of -8 - -4 - (0 + -1 + 0)?
-3
Evaluate (-5 + 6 + -3 - 0) + 2.
0
What is (5 - (3 + 3)) + 0 + -2?
-3
What is -2 + 2 - (2 + -7)?
5
What is (-4 - (-4 + 2)) + -2?
-4
Calculate -127 - -122 - (0 + 0).
-5
Calculate 0 - 3 - 1 - 0.
-4
Calculate -1 + 0 - (17 + -21) - 4.
-1
What is the value of 3 - -1 - (-8 + 13)?
-1
Calculate (6 - 8) + -12 + 4.
-10
Evaluate 8 - (-1 + (2 - -5)).
2
What is the value of -9 + 9 + (2 - 1)?
1
What is 5 - 7 - (1 + 2)?
-5
Calculate -5 - (0 - (-2 + 2)).
-5
Calculate (-4 - (0 + -3) - 1) + 5.
3
2 - (-2 - -4) - -1 - 3
-2
What is (-5 - -3) + (-3 - (-2 - 4))?
1
What is the value of -4 - (4 - 6) - 3?
-5
-4 + (-6 - -1) + 14
5
What is 9 + (-1 + -2 - 1)?
5
-3 + (4 + -2 - (-2 + 3))
-2
4 + (-12 - (-1 + 0)) - -4
-3
What is 26 - 12 - (9 - 2)?
7
Calculate (24 - 23) + -2 + (4 - 2).
1
What is the value of -1 + 2 + 0 + 3 - -1?
5
What is 1 - (3 - (8 - 5))?
1
Evaluate (-9 + 7 - -2) + (-3 - 2).
-5
What is 1 + (-1 + 1 - 2)?
-1
What is (-5 - -4) + (1 - -4)?
4
What is (-2 + -6 - -2) + 7 + 1?
2
What is -4 + (-9 - -7) - -2?
-4
Evaluate -6 - (2 - 4) - 0.
-4
Evaluate -3 + (2 - 2) - (-37 + 39).
-5
20 + -9 + -11 - 6
-6
Evaluate -6 + (9 - (7 + -7)).
3
What is the value of -3 + -2 + -2 + 7 + -2?
-2
Calculate -18 + 13 + (0 - -2).
-3
Calculate 2 + 3 + (-3 - -1).
3
Calculate (1 - 2) + (-1 - 2).
-4
Evaluate 1 + 3 + 0 + (32 - 40).
-4
(-6 - (2 - (6 - 1))) + 1
-2
What is 6 + (-14 - -7) + 6?
5
Calculate -5 + (-1 - 2 - -6).
-2
Evaluate (-3 - -4) + (3 - 4).
0
What is -16 - (2 + -9 + 1)?
-10
Calculate -2 - (-7 + -3) - (1 + 5).
2
What is -1 - -8 - (5 + 13 - 13)?
2
Calculate 1 - (8 + 0 + 4 - 4).
-7
24 - 23 - (-2 + -2 + 1)
4
(6 - 2) + -14 - -5
-5
Calculate -1 + 0 + 3 + 0.
2
(-4 - -2) + (-1 - -6 - -3)
6
-3 - (7 - (-8 + 14))
-4
What is (10 - 17) + (4 - -1)?
-2
Calculate 11 - ((-17 - -10) + 12).
6
What is (3 + 0 - 6) + 1 + -3?
-5
Evaluate 4 - ((7 - -3) + -13).
7
What is 2 - 2 - -1 - (-1 + 8)?
-6
Evaluate (-2 - -8) + (-8 - 0).
-2
Evaluate 2 - -7 - (2 + 4).
3
Evaluate (2 - -1) + (-8 - 0).
-5
Calculate 0 - ((-5 - -3) + 5).
-3
Calculate -5 + (4 - -1) - (0 - -4).
-4
4 + -7 + 18 + -9
6
Calculate (-7 - (1 + -2)) + 2.
-4
What is 0 + -9 + 17 - 5?
3
17 - 14 - (8 + -3)
-2
0 + (-1 - -2) + 2
3
What is 3 - (3 + -5 + (-3 - -5))?
3
Calculate -2 + (1 + -5 - (66 + -62)).
-10
(9 - (17 + 1)) + 8
-1
What is the value of -4 - -1 - (1 + (-9 - -4))?
1
What is the value of -41 - -35 - (-13 + 2)?
5
What is the value of 0 + -1 + -2 + 4?
1
2 + (3 + -8 - 0)
-3
What is the value of -19 - -16 - (-6 - -1)?
2
What is -3 + (-2 + -1 - -3) - 2?
-5
What is the value of -93 - -95 - (-7 - 1)?
10
What is (1 - -2) + 1 - (-4 + 5)?
3
What is the value of 10 + -5 + -10 + 0?
-5
What is 1 + 1 + (-6 - (-3 + 2))?
-3
What is the value of -15 + -3 + 8 - -7?
-3
What is (-3 - ((-4 - 5) + -7)) + -4?
9
What is the value of 0 + -4 - -4 - 4?
-4
Evaluate (-29 - -28) + (-1 - -1) + -3.
-4
8 - 6 - (-1 - (-10 + 3))
-4
What is 6 + (-7 - 8) + (0 - -4)?
-5
(-3 - -12 - 0) + -3 - 0
6
What is 9 + (-7 - -4) - 3?
3
7 - ((5 - 6) + 4)
4
(9 - 10) + -2 + 4
1
What is the value of 1 - (4 + -2 + 1 + -1)?
-1
Calculate -4 + 1 - (16 - 17).
-2
1 - (-5 - (2 - 6 - 1))
1
What is 2 + (-8 - -10) + (8 - 5)?
7
What is 11 + (-5 - -9) - 5?
10
What is the value of 30 + -32 - (-2 - 1)?
1
Evaluate (-6 - (-11 - -10)) + 2.
-3
Evaluate 4 + -4 + 1 + -1 + 7.
7
What is 6 - (6 + 1 + 0)?
-1
5 + (-5 - -4) + -2
2
What is the value of -22 + 25 - (1 - 0)?
2
What is the value of (-2 - 6) + 6 + 1?
-1
5 + -1 + (-1 - 8)
-5
-44 + 39 - (-1 - -1)
-5
What is the value of (1 + 3 + -6 - 3) + 14?
9
-1 + 1 + (-4 - 1)
-5
Calculate -5 + (5 - -4) - 7.
-3
What is -2 - 3 - (-11 + (2 - 2))?
6
What is 7 + -16 + -4 - -14?
1
What is 13 + -11 - (1 + 1)?
0
What is the value of (-3 - 5 - -3) + 5?
0
Calculate -1 - (5 + -4 - -2).
-4
-6 + (-5 + 3 + 2 - -12)
6
(-2 - (2 + -1) - -4) + 4
5
Calculate 7 - (3 - (3 + -7 + 2)).
2
What is the value of -41 - -43 - (11 - 2)?
-7
-2 - (-1 - 5 - (0 + 0))
4
What is 2 + 4 + (-5 - -3) + -5?
-1
2 - ((-5 - -1) + 12 + -1)
-5
Calculate (2 - 2 - -5) + -6 + 2.
1
Calculate (1 - 13) + (-249 - -253).
-8
What is the value of -2 - (1 - 1 - (5 + -4))?
-1
What is the value of (26 - 27) + (0 - -6)?
5
What is the value of 3 - (2 + -2 + (-1 - -3))?
1
Calculate 17 + 4 - (14 + 1).
6
What is -3 - 4 - (-1 - 1)?
-5
What is the value of (2 - 1) + -7 + 11?
5
-6 + ((6 - 5) + -4 - -4)
-5
Evaluate 6 + (-4 - -3) + -4.
1
What is the value of -8 - (-8 + -4) - 9?
-5
What is the value of -1 + -1 + 5 - (0 - -5)?
-2
Evaluate 2 + (11 - 3) + -15.
-5
What is the value of 6 - (-1 - (-3 - 6))?
-2
What is 9 + (5 - 6 - 1)?
7
Calculate (3 - 5) + -7 + 16 + -11.
-4
Evalu